s divided by 7520?
7518
What is the remainder when 50186 is divided by 11793?
3014
What is the remainder when 746205 is divided by 149085?
780
What is the remainder when 6182 is divided by 1406?
558
What is the remainder when 303863514 is divided by 102?
6
Calculate the remainder when 109287 is divided by 437.
37
Calculate the remainder when 1460526 is divided by 469.
60
Calculate the remainder when 132740 is divided by 44239.
23
Calculate the remainder when 2417748 is divided by 21.
18
Calculate the remainder when 257441 is divided by 9192.
65
What is the remainder when 7477175 is divided by 333?
326
What is the remainder when 10468063 is divided by 5234030?
3
What is the remainder when 133035282 is divided by 13303528?
2
What is the remainder when 222306 is divided by 660?
546
Calculate the remainder when 12748946 is divided by 1821275.
21
Calculate the remainder when 3790296 is divided by 2719.
10
What is the remainder when 119527 is divided by 19703?
1309
Calculate the remainder when 5720 is divided by 260.
0
Calculate the remainder when 67445 is divided by 3025.
895
What is the remainder when 855252 is divided by 1467?
1458
Calculate the remainder when 663613 is divided by 5266.
97
Calculate the remainder when 5498912 is divided by 301.
244
Calculate the remainder when 29708948 is divided by 2866.
2858
What is the remainder when 22053 is divided by 21962?
91
What is the remainder when 2512048 is divided by 169?
32
Calculate the remainder when 656859 is divided by 24327.
30
What is the remainder when 29097380 is divided by 118?
114
Calculate the remainder when 2411994 is divided by 172284.
18
What is the remainder when 4889288 is divided by 37?
34
What is the remainder when 21592078 is divided by 3696?
46
What is the remainder when 928119 is divided by 184136?
7439
What is the remainder when 2775426 is divided by 490?
66
What is the remainder when 998581 is divided by 249636?
37
What is the remainder when 154854313 is divided by 297?
295
Calculate the remainder when 6519548 is divided by 1110.
518
What is the remainder when 1323787 is divided by 6774?
2857
What is the remainder when 144476 is divided by 7110?
2276
Calculate the remainder when 93028 is divided by 92904.
124
Calculate the remainder when 25069537 is divided by 2722.
2639
Calculate the remainder when 1569078 is divided by 8350.
7628
What is the remainder when 17442892 is divided by 40377?
28
What is the remainder when 26832 is divided by 1004?
728
What is the remainder when 1353689 is divided by 411?
266
What is the remainder when 5184050 is divided by 25412?
2
What is the remainder when 40895000 is divided by 3713?
18
Calculate the remainder when 4220214 is divided by 5072.
310
Calculate the remainder when 2487927 is divided by 80.
7
Calculate the remainder when 2239467 is divided by 186622.
3
What is the remainder when 94588 is divided by 882?
214
What is the remainder when 6585997 is divided by 48?
13
What is the remainder when 162166 is divided by 2106?
4
Calculate the remainder when 4722441 is divided by 1716.
9
Calculate the remainder when 4985764 is divided by 236.
28
What is the remainder when 3737415 is divided by 17223?
24
Calculate the remainder when 830639 is divided by 6843.
2636
What is the remainder when 270284 is divided by 6590?
94
What is the remainder when 127483223 is divided by 66?
65
What is the remainder when 2232405 is divided by 588?
357
Calculate the remainder when 9920661 is divided by 320019.
72
What is the remainder when 832678 is divided by 416235?
208
Calculate the remainder when 867138796 is divided by 44.
40
What is the remainder when 19796805 is divided by 24?
21
Calculate the remainder when 275018 is divided by 45224.
3674
What is the remainder when 40714202 is divided by 3163?
66
Calculate the remainder when 3922 is divided by 3495.
427
Calculate the remainder when 8486720 is divided by 1330.
1320
What is the remainder when 185325878 is divided by 24?
14
What is the remainder when 277860 is divided by 1349?
1315
Calculate the remainder when 7130472 is divided by 5947.
19
Calculate the remainder when 89410 is divided by 387.
13
What is the remainder when 122636526 is divided by 427?
418
Calculate the remainder when 54355877 is divided by 852.
833
Calculate the remainder when 1838946 is divided by 5377.
12
Calculate the remainder when 114504355 is divided by 54.
1
Calculate the remainder when 12564006 is divided by 1790.
1786
What is the remainder when 88007 is divided by 10726?
2199
What is the remainder when 41990 is divided by 5749?
1747
What is the remainder when 3989127 is divided by 3989031?
96
Calculate the remainder when 586653 is divided by 936.
717
What is the remainder when 7888021 is divided by 1971995?
41
Calculate the remainder when 7321104 is divided by 35539.
70
Calculate the remainder when 201425829 is divided by 591.
27
What is the remainder when 4746743 is divided by 269?
238
What is the remainder when 3306815 is divided by 513?
17
Calculate the remainder when 17524457 is divided by 179.
178
Calculate the remainder when 321323 is divided by 6.
5
Calculate the remainder when 784390 is divided by 3338.
3298
What is the remainder when 11873054 is divided by 84206?
8
Calculate the remainder when 213674 is divided by 902.
802
Calculate the remainder when 388111567 is divided by 11.
8
Calculate the remainder when 63729 is divided by 2445.
159
What is the remainder when 5260745 is divided by 1020?
605
What is the remainder when 6217479 is divided by 652?
7
What is the remainder when 309200 is divided by 2342?
56
Calculate the remainder when 393777 is divided by 943.
546
What is the remainder when 83915 is divided by 4188?
155
Calculate the remainder when 5162853 is divided by 54345.
78
Calculate the remainder when 512708 is divided by 228.
164
Calculate the remainder when 2952388 is divided by 421767.
19
Calculate the remainder when 931658 is divided by 26.
0
Calculate the remainder when 30442 is divided by 30246.
196
What is the remainder when 97100139 is divided by 68?
15
Calculate the remainder when 169417 is divided by 1699.
1216
What is the remainder when 553647 is divided by 138405?
27
What is the remainder when 2024533 is divided by 1381?
1368
Calculate the remainder when 5080194 is divided by 338679.
9
Calculate the remainder when 29237 is divided by 141.
50
Calculate the remainder when 55108 is divided by 3427.
276
What is the remainder when 481523074 is divided by 76?
70
What is the remainder when 1345743 is divided by 949?
61
Calculate the remainder when 6055300 is divided by 29112.
4
Calculate the remainder when 9584525 is divided by 4792255.
15
Calculate the remainder when 63133 is divided by 209.
15
What is the remainder when 186445 is divided by 148?
113
Calculate the remainder when 119899 is divided by 2396.
99
What is the remainder when 8122934 is divided by 17?
11
Calculate the remainder when 12191999 is divided by 750.
749
What is the remainder when 133136 is divided by 22181?
50
Calculate the remainder when 197809 is divided by 98774.
261
Calculate the remainder when 7237056 is divided by 2412350.
6
What is the remainder when 48980 is divided by 1258?
1176
What is the remainder when 57280 is divided by 1129?
830
What is the remainder when 10086508 is divided by 148?
12
What is the remainder when 843922787 is divided by 2?
1
What is the remainder when 33064538 is divided by 33064537?
1
What is the remainder when 994553 is divided by 448?
441
Calculate the remainder when 460527 is divided by 1436.
1007
Calculate the remainder when 6285121 is divided by 1043.
3
What is the remainder when 1221183 is divided by 93930?
93
Calculate the remainder when 1316891 is divided by 4952.
4611
Calculate the remainder when 60345 is divided by 60327.
18
Calculate the remainder when 13472 is divided by 12897.
575
Calculate the remainder when 1893788 is divided by 946850.
88
Calculate the remainder when 361317 is divided by 47.
28
What is the remainder when 224847 is divided by 74329?
1860
What is the remainder when 4290382 is divided by 3221?
10
Calculate the remainder when 1844428 is divided by 48537.
22
What is the remainder when 850074 is divided by 212294?
898
Calculate the remainder when 126536 is divided by 25290.
86
Cal